eatest common factor of 49875 and 133.
133
What is the greatest common divisor of 72 and 296?
8
Calculate the greatest common factor of 99 and 3993.
33
What is the greatest common factor of 13 and 156?
13
What is the greatest common factor of 160 and 220?
20
Calculate the greatest common divisor of 80 and 56.
8
Calculate the greatest common divisor of 8 and 33752.
8
Calculate the greatest common divisor of 1129 and 2.
1
What is the highest common factor of 111 and 2627?
37
What is the highest common divisor of 203 and 17429?
29
Calculate the highest common divisor of 20234 and 268.
134
Calculate the highest common factor of 10140 and 520.
260
Calculate the highest common divisor of 20 and 10.
10
What is the greatest common divisor of 96 and 8704?
32
Calculate the greatest common divisor of 14 and 784.
14
Calculate the highest common factor of 30 and 2265.
15
Calculate the greatest common factor of 46 and 2369.
23
What is the greatest common divisor of 3952 and 234?
26
What is the highest common divisor of 45 and 9480?
15
What is the highest common divisor of 88 and 638?
22
What is the greatest common factor of 376 and 2303?
47
Calculate the greatest common factor of 1272 and 795.
159
What is the greatest common divisor of 42 and 66?
6
What is the highest common divisor of 15 and 1170?
15
What is the greatest common divisor of 84 and 156?
12
What is the highest common divisor of 80 and 90?
10
Calculate the greatest common divisor of 39 and 26.
13
What is the highest common divisor of 26 and 910?
26
Calculate the greatest common divisor of 6499 and 335.
67
What is the greatest common factor of 20 and 15?
5
Calculate the highest common factor of 72 and 24.
24
What is the greatest common factor of 224 and 3500?
28
What is the highest common factor of 7062 and 132?
66
What is the greatest common divisor of 6 and 1878?
6
What is the highest common divisor of 6678 and 21?
21
Calculate the highest common factor of 922 and 14.
2
Calculate the greatest common factor of 774 and 86.
86
What is the highest common factor of 10 and 5?
5
Calculate the highest common divisor of 602 and 322.
14
Calculate the greatest common divisor of 480 and 560.
80
What is the highest common divisor of 63 and 189?
63
What is the highest common factor of 96 and 18672?
48
What is the greatest common factor of 110 and 320?
10
What is the greatest common factor of 14 and 2282?
14
Calculate the highest common factor of 8642 and 1490.
298
Calculate the greatest common factor of 11534 and 948.
158
What is the greatest common factor of 75 and 120?
15
What is the greatest common divisor of 91 and 91?
91
What is the highest common divisor of 87 and 493?
29
Calculate the highest common divisor of 553 and 469.
7
Calculate the greatest common divisor of 3 and 363.
3
Calculate the greatest common factor of 28 and 252.
28
Calculate the highest common factor of 19 and 2698.
19
Calculate the highest common factor of 45 and 95.
5
What is the greatest common divisor of 15 and 393?
3
What is the greatest common factor of 198 and 6?
6
What is the highest common divisor of 157 and 2669?
157
What is the greatest common divisor of 4224 and 99?
33
Calculate the highest common divisor of 793 and 61.
61
What is the highest common factor of 46 and 529?
23
Calculate the highest common factor of 1344 and 1.
1
What is the highest common divisor of 4256 and 456?
152
What is the greatest common divisor of 390 and 80?
10
Calculate the highest common divisor of 118 and 5782.
118
What is the greatest common factor of 696 and 406?
58
What is the greatest common factor of 574 and 451?
41
What is the highest common factor of 36 and 954?
18
Calculate the greatest common divisor of 180 and 72.
36
Calculate the highest common divisor of 7176 and 78.
78
What is the greatest common divisor of 247 and 361?
19
Calculate the highest common factor of 59 and 177.
59
What is the greatest common factor of 21 and 1659?
21
Calculate the highest common divisor of 360 and 6960.
120
What is the greatest common factor of 18 and 954?
18
What is the highest common factor of 100 and 75?
25
Calculate the highest common divisor of 46 and 1909.
23
What is the highest common divisor of 672 and 28?
28
Calculate the greatest common divisor of 66 and 1122.
66
What is the greatest common factor of 1131 and 87?
87
Calculate the highest common factor of 475 and 2679.
19
What is the highest common divisor of 260 and 180?
20
What is the highest common factor of 6 and 51?
3
What is the highest common divisor of 18 and 8334?
18
What is the highest common divisor of 65 and 533?
13
What is the greatest common factor of 11025 and 30?
15
Calculate the greatest common divisor of 25 and 400.
25
Calculate the greatest common factor of 1500 and 4020.
60
What is the greatest common divisor of 2965 and 5?
5
What is the highest common factor of 7181 and 86?
43
Calculate the highest common divisor of 35 and 630.
35
What is the greatest common divisor of 423 and 3102?
141
What is the greatest common divisor of 162 and 4455?
81
What is the highest common factor of 14613 and 3?
3
Calculate the greatest common factor of 49 and 1960.
49
What is the greatest common divisor of 15 and 455?
5
What is the highest common divisor of 703 and 76?
19
Calculate the greatest common factor of 24 and 26952.
24
What is the greatest common factor of 117 and 14781?
39
Calculate the greatest common divisor of 6 and 39618.
6
Calculate the highest common divisor of 330 and 160.
10
Calculate the greatest common divisor of 260 and 13.
13
What is the greatest common factor of 1216 and 36?
4
What is the highest common divisor of 1078 and 686?
98
Calculate the greatest common divisor of 3350 and 1474.
134
What is the highest common divisor of 1702 and 1110?
74
What is the highest common factor of 299 and 13?
13
Calculate the highest common factor of 154 and 3346.
14
What is the greatest common factor of 110 and 20?
10
Calculate the highest common factor of 24 and 424.
8
What is the highest common factor of 234 and 22698?
234
What is the highest common factor of 169 and 195?
13
What is the highest common divisor of 1189 and 29?
29
What is the greatest common divisor of 9418 and 34?
34
Calculate the greatest common divisor of 33 and 77.
11
What is the highest common factor of 90 and 7380?
90
What is the greatest common divisor of 108 and 42?
6
Calculate the greatest common factor of 1462 and 430.
86
What is the greatest common factor of 8890 and 70?
70
What is the greatest common divisor of 28833 and 21?
21
What is the highest common divisor of 559 and 52?
13
What is the highest common factor of 882 and 234?
18
Calculate the highest common divisor of 3396 and 24.
12
Calculate the greatest common divisor of 611 and 52.
13
Calculate the highest common divisor of 51 and 170.
17
What is the greatest common divisor of 40 and 1580?
20
What is the highest common factor of 356 and 89?
89
What is the greatest common factor of 200 and 1?
1
Calculate the greatest common factor of 5 and 2450.
5
What is the greatest common factor of 7344 and 54?
54
What is the highest common factor of 180 and 42840?
180
Calculate the greatest common divisor of 72 and 260.
4
Calculate the highest common divisor of 377 and 87.
29
What is the greatest common factor of 12 and 726?
6
Calculate the greatest common factor of 2 and 104.
2
Calculate the greatest common divisor of 144 and 3312.
144
Calculate the highest common factor of 19 and 65113.
19
What is the highest common divisor of 240 and 36?
12
What is the highest common factor of 128 and 21952?
64
Calculate the highest common divisor of 1406 and 38.
38
What is the highest common divisor of 42320 and 80?
80
Calculate the greatest common divisor of 4362 and 18.
6
What is the greatest common divisor of 210 and 798?
42
What is the greatest common divisor of 3017 and 7?
7
What is the greatest common divisor of 13673 and 121?
121
What is the highest common factor of 32691 and 17?
17
Calculate the highest common factor of 176 and 256.
16
What is the highest common divisor of 800 and 2?
2
Calculate the greatest common factor of 2279 and 106.
53
Calculate the greatest common divisor of 2436 and 232.
116
What is the greatest common divisor of 1168 and 272?
16
Calculate the 